is -6 + -4 + 4 + 3?
-3
What is the value of -1 + 3 + 0 + -1 + 4?
5
What is the value of -6 + -5 + 7 - -4?
0
0 + (-1 - -4) + (1 - 3)
1
Evaluate 2 + -2 + 8 + -4.
4
What is 1 + -2 + 1 + (25 - 21)?
4
What is 3 - (2 + -11 + 15)?
-3
What is the value of 5 - ((-4 - (-2 - 1)) + 3)?
3
Evaluate -2 + (1 - -1) - -2.
2
What is -3 - (1 + (3 + 0 - 11))?
4
What is (7 - 10) + -1 + 5?
1
Evaluate 2 - (0 - (4 - 4)).
2
What is -2 - -1 - 3 - (47 + -59)?
8
What is the value of -1 - (1 - (-5 + 4 + 0))?
-3
3 + -7 - (0 + -8) - 3
1
(-4 - (-7 + 4)) + -3 + 9
5
Evaluate (0 - 3) + 5 + -1.
1
What is the value of 0 + 5 + -2 - 4?
-1
2 - (-6 - (-3 + 0))
5
Calculate -4 - 1 - (-2 + -2).
-1
Calculate 13 + -17 - (1 - 2).
-3
-2 - (3 - 3) - (-7 + 0)
5
3 + (-8 - -1) + 3
-1
What is the value of 7 + (1 - 3) + -1?
4
What is 5 + (-11 - 6) - (1 + -7)?
-6
What is the value of 10 + -5 + 3 + -5?
3
-7 - (-6 + (-8 - 6) + 8)
5
What is the value of (-1 - -3) + (0 - 3) - 3?
-4
What is the value of -3 + 1 - ((2 - 3) + -5)?
4
What is 0 + -12 + 11 - (2 - 0)?
-3
What is the value of -1 + 5 - (-23 + 22)?
5
What is the value of 5 - (0 - (5 - 3) - -4)?
3
Calculate 1 + 0 + (-3 - -3 - -1).
2
What is 2 - -6 - (3 - (-5 + 4))?
4
Calculate (-3 - -5) + -8 - (-1 + -3).
-2
-1 + -6 + 9 + (-2 - 1)
-1
Calculate (-7 - 1) + 105 + -91.
6
What is the value of 1 + (-5 - -6) + (2 - -1)?
5
Evaluate -1 + (-3 + 2 + -2 - -3).
-1
Evaluate (-3 - -1 - -6) + -5.
-1
Evaluate 1 - (-4 + (9 - 5)).
1
-5 - (9 - (5 - (-1 + 2)))
-10
What is the value of 0 + 2 + -4 + 0?
-2
Evaluate (-3 - 1) + -5 + 13 + -3.
1
Calculate -3 + 4 + 3 + (0 - 1).
3
49 + -43 + (-1 - (2 + -4))
7
Calculate (27 - 12) + -12 + -8.
-5
-2 - (13 + (-25 - -2))
8
(-12 - 1 - -6) + 1 + 3
-3
2 - (0 + -4 + (4 - -4))
-2
Evaluate (-17 - -6) + 5 - -8.
2
3 + -5 + 1 + (5 - 1)
3
1 + 0 - (-3 - (1 + -6))
-1
Calculate -3 - (3 + 3 + -16 - -5).
2
What is the value of (9 - 7 - -9) + -3?
8
Evaluate 7 + -9 + 1 + 1.
0
What is -1 + (0 + -4 - -7)?
2
Calculate -1 - 3 - (1 + -15 + 8).
2
What is 8 - (12 + -6 - 1)?
3
What is the value of 5 + (3 + 5 + -11 - -2)?
4
What is the value of -2 + 8 - (1 - 0)?
5
Calculate 5 - (25 + -13 - (1 + 1)).
-5
0 + -5 - (-12 + 14)
-7
What is the value of -5 - (2 + -19 + 3)?
9
Calculate -2 + (-1 - (2 + -6)) + -6.
-5
-6 + 1 + 2 + 6 - 3
0
(2 - (-2 + -1)) + -3
2
What is -45 + 39 + 11 + -1?
4
Evaluate -2 - 0 - (-2 - (-1 - 4)).
-5
8 + 9 + -10 + -12
-5
Evaluate (-3 - (1 - 5)) + -2.
-1
Calculate -5 - (3 - 9) - 7.
-6
Calculate 5 - ((3 - 3) + 3).
2
0 - ((-2 - 2) + 4)
0
Evaluate 2 + 3 + (-1 - 0) - 1.
3
1 - (-6 + 11 + -8 + 3)
1
What is the value of 3 + -2 + (6 - 9)?
-2
Evaluate 0 + (-2 - 7 - -8).
-1
Evaluate 1 + -6 + (0 - -11) - 4.
2
Calculate 2 - 3 - ((-5 - -11) + -3).
-4
What is the value of -41 + 44 - (-12 + 1) - 7?
7
2 + 1 - -3 - (-7 + 9)
4
Calculate -1 - (1 - ((3 - 9) + 3)).
-5
5 - 0 - 14 - (-8 - -3)
-4
3 - (-28 + 30 + (-1 - 2))
4
What is 27 + -6 + -8 - 8?
5
-2 - -1 - (16 + -20)
3
Evaluate 2 - -2 - (5 + 1 + -6).
4
Calculate -130 - -138 - (6 - (0 - 0)).
2
(-11 - (-8 + 2 + -2)) + 3
0
What is the value of 2 + (2 - (-7 - -9))?
2
(-6 - -14) + -10 + 1
-1
(2 - -12) + 1 + (-1 - 7)
7
(2 - 4) + (3 - 4)
-3
Evaluate 4 + 5 + -7 - 2.
0
Calculate -6 - (5 - 7 - -2).
-6
What is (-2 - 0) + 0 + (6 - 3)?
1
Calculate 136 + -147 + (12 - 1).
0
3 - (-1 + -3) - (7 - 1)
1
Calculate -4 + (6 + -1 - (-1 - 0)).
2
26 + (-10 - 3) - 12
1
What is the value of (1 - -2) + (-1 - 3) - 0?
-1
Calculate (-24 - -13) + -2 + 10.
-3
Evaluate (-8 - -3) + (0 - 5) + 5.
-5
Calculate -3 + -2 - (-1 - 1).
-3
What is (19 - 16) + (5 - 3)?
5
Calculate -3 + (-3 + 5 - 0 - -4).
3
Evaluate (9 + -5 - 6) + -1.
-3
Calculate (1 - (12 + -2)) + 4 + -1.
-6
15 + -22 + 11 + -1
3
What is the value of 1 + ((-4 - -3) + 5 - -2)?
7
-1 + -3 - (-11 + 8)
-1
4 - 3 - (17 + -5 + -1)
-10
Evaluate -2 - ((-10 - -11) + -1 + -1).
-1
What is the value of -82 - -78 - (2 + -13)?
7
What is the value of 0 - -1 - 0 - -4?
5
-9 - -1 - (5 - (12 - 1))
-2
5 + 2 + (-3 - (-4 - -4))
4
What is 0 - (6 + -8) - 7?
-5
Calculate -14 + 11 + (0 - -4).
1
-2 - (-1 - (1 + 1 + -7))
-6
Calculate (-6 - -1 - (-7 + 1)) + 1.
2
What is the value of 1 + (-7 - (-1 - 3))?
-2
1 + (-5 - (0 - 1))
-3
What is (4 - (2 + -8)) + -7?
3
What is 6 + 6 + -15 - (-5 + 8)?
-6
Evaluate -9 + -2 + (-38 - -42).
-7
What is -4 - (9 + -10 - (0 - -3))?
0
What is the value of -69 - -65 - (0 - 11)?
7
Calculate -4 - (-4 - -1) - 3.
-4
Evaluate -10 + 11 + -2 + 1.
0
What is 3 + (0 - 5) - 2?
-4
2 + -1 + (-9 - -7 - -7)
6
What is the value of 4 - (5 + 0) - 4?
-5
What is the value of -1 + 6 - (3 + (0 - -5))?
-3
Calculate 0 + 1 - (3 + -10 + 4).
4
Evaluate -1 + (-5 - -2) + 15 + -15.
-4
1 + -11 + -34 + 39
-5
-2 - (-8 + 4) - -1 - -4
7
What is 6 + (-6 - -13) + -8?
5
What is 1 + 4 - (14 + -4)?
-5
Evaluate (3 - 1) + (-3 - 2 - 1).
-4
What is the value of -5 + 7 - (4 - 3)?
1
Calculate -2 - ((7 - 4) + 1).
-6
-14 + 8 + (3 - 6) + 2
-7
What is the value of 0 - ((-1 - 0) + 4)?
-3
What is 7 - (3 - (2 - (2 + 0)))?
4
What is -5 - ((-5 + 2 - -3) + -2)?
-3
Calculate (13 + -29 - -12) + 0 + 8.
4
What is the value of 4 - -1 - (4 - 4)?
5
Evaluate (56 - 59) + -1 + 8.
4
3 + -1 + (-5 - (-2 - 0))
-1
What is the value of 0 - -2 - (22 + -21)?
1
-1 + -4 + 1 + (20 - 20)
-4
Calculate (6 - 4 - 2) + -5 - -6.
1
Evaluate -4 - (-3 - ((6 - 11) + -3)).
-9
Evaluate -43 + 29 + 1 + 16.
3
Calculate 0 - -2 - (4 - -2 - -2).
-6
14 - (18 + 3 + 4)
-11
What is the value of 0 + -4 + 4 + -3?
-3
What is the value of -18 + 5 + 6 + 14?
7
What is -9 + 2 + 0 - -2?
-5
What is the value of (4 - 5 - 6) + 4 - -2?
-1
-4 + (1 - (4 - (-1 - -8)))
0
What is 8 - (-1 + 0) - 9?
0
-4 + 6 + (3 - 15) - -5
-5
Calculate (-2 - 0) + (1 - (1 + -2)).
0
Evaluate -3 + (7 - (-3 + 8)).
-1
What is -79 - -71 - (2 - 15)?
5
Evaluate -3 + 5 + (1 - 1) + -4.
-2
Evaluate 6 + -6 + (8 - 6).
2
What is (5 - 0) + (28 - 36)?
-3
Calculate 1 - 6 - -3 - (9 + -16).
5
Evaluate (6 - 21 - -11) + 3 + 1.
0
Calculate -2 + 2 - (1 + 1 - 4).
2
-13 - (-3 - (3 + -1))
-8
-1 + 2 - (-4 + (1 - -2))
2
Evaluate (15 - 4) + -10 - 1.
0
Calculate -1 - -1 - (47 + -44).
-3
Calculate -2 + -6 + 2 + 3 + -2.
-5
3 + 6 + -1 + -5
3
Calculate 0 - (1 + (-7 - -1) + 3).
2
Evaluate -10 - -12 - (3 + -1).
0
What is 0 - (-1 - -3 - 2 - -2)?
-2
What is -2 + -9 - (9 + -17)?
-3
Calculate (-3 - 4) + (13 - (15 - 4)).
-5
-16 + 15 + (2 - 2)
-1
Evaluate (-1 - -5) + 1 + (7 - 13).
-1
Evaluate 4 + (3 - 7) + 2 - 10.
-8
27 + -23 - (1 + 7)
-4
Calculate 0 + (1 - -5) + -9.
-3
What is the value of -1 - (-5 - (-16 - -7) - 11)?
6
Calculate 4 - (0 - 1) - (211 + -208).
2
Evaluate -1 + (-2 - -4) + -5 + 3.
-1
Evaluate 4 + 1 - (19 + -16).
2
Calculate -2 + 3 - (-1 - 2).
4
Evaluate (2 + 1 - 7) + 9.
5
(-5 - -10) + (-10 - -2)
-3
Evaluate 3 - (3 - (3 - 2)) - 1.
0
What is the value of -7 + 0 + 3 + 8?
4
What is the value of 1 + -4 + (2 - 2) + 5?
2
Calculate -5 - 2 - (-9 + 10 - 2).
-6
What is the value of -5 - (-6 + 3) - 3?
-5
Calculate -1 + (-1 - 0) + (2 - -4).
4
Calculate -6 - 1 - (-2 - 2).
-3
Calculate 10 + -3 + (-7 - -3).
3
(-4 - (3 - 9)) + 0
2
Evaluate 0 + -3 - (24 - 27).
0
Calculate 3 - 0 - (-19 - -26).
-4
Calculate (-7 - -5) + -1 + 9 + -1.
5
-1 + 1 + 4 - (-8 - -9)
3
What is the value of (3 + 2 - (10 + -5)) + 0?
0
30 + -30 - (1 - 7)
6
-4 - (5 - (7 - 4)) - -4
-2
What is the value of (-2 - 1) + (2 - (0 + -1))?
0
What is -2 - -1 - (0 + 1) - -1?
-1
Evaluate -18 + -6 + 10 - -19.
5
What is -4 - (2 + 2) - -3?
-5
(-10 - 10) + 11 - -5
-4
Calculate 6 + -6 - -5 - 5.
0
Calculate -4 + 6 + 0 + -2 + 5.
5
What is 0 - (5 - (-6 + 10))?
-1
What is the value of 58 + -69 + (-1 - -21)?
9
Evaluate -1 + -2 - (4 + -9).
2
What is (2 - 3) + 8 + -4?
3
-4 + -1 + 12 + -5 + 3
5
Evaluate -7 - (-6 - 3) - 3.
-1
Calculate -3 + -1 - -7 - 4.
-1
What is 12 - (20 - 13) - 2?
3
3 - (-4 + 3) - 3
1
What is 1 + -10 - (-11 + -1)?
3
10 + -2 - (12 + -10)
6
Calculate -5 - ((5 - 2) + -2 - 2).
-4
Evaluate -4 + 3 - ((0 - -1) + -2).
0
What is -1 + 4 + -23 + 20?
0
Calculate (7 - 8) + -1 + (-2 - -1).
-3
What is the value of -2 - (4 - (-1 + 6))?
-1
What is the value of -2 - ((0 - -4) + (-14 - -8))?
0
1 - ((2 - -2) + -4)
1
Evaluate -1 + -2 - (-16 - -15 - 4).
2
-1 - (-2 - ((1 - 4) + 10))
8
What is the value of -22 + 20 + 7 + (-2 - 1)?
2
Calculate -4 + 4 + -3 + 6 + -2.
1
Evaluate -1 + -3 + (3 - -1) - -5.
5
What is (6 - 10) + 11 + -13?
